{"id":737,"date":"2021-09-06T19:16:27","date_gmt":"2021-09-06T17:16:27","guid":{"rendered":"https:\/\/ksvi.mff.cuni.cz\/amulab\/?page_id=737"},"modified":"2021-09-07T19:45:01","modified_gmt":"2021-09-07T17:45:01","slug":"ucitele","status":"publish","type":"page","link":"https:\/\/ksvi.mff.cuni.cz\/amulab\/index.php\/ucitele\/","title":{"rendered":"U\u010ditel\u00e9"},"content":{"rendered":"\n<p><a href=\"#char\" data-type=\"internal\" data-id=\"#char\">Characteristics<\/a><br><a href=\"#group\" data-type=\"internal\" data-id=\"#group\">Target group<\/a><br><a href=\"#team\">Developmental team<\/a><br><a href=\"#contact\">Contact<\/a><\/p>\n\n\n\n<p style=\"font-size:11px\"><em>(Jazyk lze zm\u011bnit v nab\u00eddce v doln\u00ed \u010d\u00e1sti str\u00e1nky.)<\/em><\/p>\n\n\n\n<h1 class=\"wp-block-heading\" id=\"char\">Characteristics<\/h1>\n\n\n\n<p>This project is finding out what age-specific preconceptions people have about internet structure and function, what they can learn about it and where the learning difficulties lie. We have already partially completed a catalog of children&#8217;s preconceptions, now we focus on computer science teachers who did not originally study computer science teaching.<\/p>\n\n\n\n<h1 class=\"wp-block-heading\" id=\"group\">Target group<\/h1>\n\n\n\n<p>The study concerns teachers from the elementary school who did not originally study computer science teaching.<\/p>\n\n\n\n<h1 class=\"wp-block-heading\" id=\"team\">Developmental team<\/h1>\n\n\n\n<p><strong>Anna Yaghobov\u00e1<\/strong> &#8211; author<br><strong>Anna Drobn\u00e1<\/strong> &#8211; author<br>Cyril Brom &#8211; supervisor<\/p>\n\n\n\n<h1 class=\"wp-block-heading\" id=\"contact\">Contact<\/h1>\n\n\n\n<p>Please contact Anna Yaghobov\u00e1 for further information<br><a href=\"mailto:yaghobova@ksvi.mff.cuni.cz\">yaghobova@ksvi.mff.cuni.cz<\/a><\/p>\n","protected":false},"excerpt":{"rendered":"<p>CharacteristicsTarget groupDevelopmental teamContact (Jazyk lze zm\u011bnit v nab\u00eddce v doln\u00ed \u010d\u00e1sti str\u00e1nky.) Characteristics This project is finding out what age-specific preconceptions people have about internet structure and function, what they can learn about it and where the learning difficulties lie. We have already partially completed a catalog of children&#8217;s preconceptions, now we focus on computer &hellip; <\/p>\n<p class=\"link-more\"><a href=\"https:\/\/ksvi.mff.cuni.cz\/amulab\/index.php\/ucitele\/\" class=\"more-link\">Continue reading<span class=\"screen-reader-text\"> &#8220;U\u010ditel\u00e9&#8221;<\/span><\/a><\/p>\n","protected":false},"author":2,"featured_media":0,"parent":0,"menu_order":0,"comment_status":"closed","ping_status":"closed","template":"","meta":{"footnotes":""},"class_list":["post-737","page","type-page","status-publish","hentry"],"_links":{"self":[{"href":"https:\/\/ksvi.mff.cuni.cz\/amulab\/index.php\/wp-json\/wp\/v2\/pages\/737","targetHints":{"allow":["GET"]}}],"collection":[{"href":"https:\/\/ksvi.mff.cuni.cz\/amulab\/index.php\/wp-json\/wp\/v2\/pages"}],"about":[{"href":"https:\/\/ksvi.mff.cuni.cz\/amulab\/index.php\/wp-json\/wp\/v2\/types\/page"}],"author":[{"embeddable":true,"href":"https:\/\/ksvi.mff.cuni.cz\/amulab\/index.php\/wp-json\/wp\/v2\/users\/2"}],"replies":[{"embeddable":true,"href":"https:\/\/ksvi.mff.cuni.cz\/amulab\/index.php\/wp-json\/wp\/v2\/comments?post=737"}],"version-history":[{"count":2,"href":"https:\/\/ksvi.mff.cuni.cz\/amulab\/index.php\/wp-json\/wp\/v2\/pages\/737\/revisions"}],"predecessor-version":[{"id":744,"href":"https:\/\/ksvi.mff.cuni.cz\/amulab\/index.php\/wp-json\/wp\/v2\/pages\/737\/revisions\/744"}],"wp:attachment":[{"href":"https:\/\/ksvi.mff.cuni.cz\/amulab\/index.php\/wp-json\/wp\/v2\/media?parent=737"}],"curies":[{"name":"wp","href":"https:\/\/api.w.org\/{rel}","templated":true}]}}