{"id":636,"date":"2021-04-01T09:39:46","date_gmt":"2021-04-01T07:39:46","guid":{"rendered":"https:\/\/ksvi.mff.cuni.cz\/amulab\/?page_id=636"},"modified":"2021-08-23T17:13:52","modified_gmt":"2021-08-23T15:13:52","slug":"hynek-app","status":"publish","type":"page","link":"https:\/\/ksvi.mff.cuni.cz\/amulab\/index.php\/hynek-app\/","title":{"rendered":"Hynek App"},"content":{"rendered":"\n<p><a href=\"#character\" data-type=\"internal\" data-id=\"#character\">Brief characteristics<\/a><br><a href=\"#cilova\" data-type=\"internal\" data-id=\"#cilova\">Target group<\/a><br><a href=\"#ovladani\" data-type=\"internal\" data-id=\"#ovladani\">Controls<\/a><br><a href=\"#vyuziti\" data-type=\"internal\" data-id=\"#vyuziti\">Utilization<\/a><br><a href=\"#tym\" data-type=\"internal\" data-id=\"#tym\">Development team<\/a><br><a href=\"#kontakt\" data-type=\"internal\" data-id=\"#kontakt\">Contact<\/a><\/p>\n\n\n\n<p style=\"font-size:11px\"><em>(Jazyk lze zm\u011bnit v nab\u00eddce v doln\u00ed \u010d\u00e1sti str\u00e1nky.)<\/em><\/p>\n\n\n\n<h1 class=\"wp-block-heading\">Hynek App<\/h1>\n\n\n\n<figure class=\"wp-block-gallery columns-3 is-cropped wp-block-gallery-1 is-layout-flex wp-block-gallery-is-layout-flex\" id=\"character\"><ul class=\"blocks-gallery-grid\"><li class=\"blocks-gallery-item\"><figure><img loading=\"lazy\" decoding=\"async\" width=\"923\" height=\"1024\" src=\"https:\/\/ksvi.mff.cuni.cz\/amulab\/wp-content\/uploads\/2021\/04\/Hynek_pict-1-1-923x1024.png\" alt=\"\" data-id=\"650\" data-full-url=\"https:\/\/ksvi.mff.cuni.cz\/amulab\/wp-content\/uploads\/2021\/04\/Hynek_pict-1-1.png\" data-link=\"https:\/\/ksvi.mff.cuni.cz\/amulab\/index.php\/hynek-app\/hynek_pict-1-1\/\" class=\"wp-image-650\" srcset=\"https:\/\/ksvi.mff.cuni.cz\/amulab\/wp-content\/uploads\/2021\/04\/Hynek_pict-1-1-923x1024.png 923w, https:\/\/ksvi.mff.cuni.cz\/amulab\/wp-content\/uploads\/2021\/04\/Hynek_pict-1-1-271x300.png 271w, https:\/\/ksvi.mff.cuni.cz\/amulab\/wp-content\/uploads\/2021\/04\/Hynek_pict-1-1-768x852.png 768w, https:\/\/ksvi.mff.cuni.cz\/amulab\/wp-content\/uploads\/2021\/04\/Hynek_pict-1-1.png 1156w\" sizes=\"auto, (max-width: 767px) 89vw, (max-width: 1000px) 54vw, (max-width: 1071px) 543px, 580px\" \/><\/figure><\/li><li class=\"blocks-gallery-item\"><figure><img loading=\"lazy\" decoding=\"async\" width=\"1024\" height=\"564\" src=\"https:\/\/ksvi.mff.cuni.cz\/amulab\/wp-content\/uploads\/2021\/04\/Hynek_pict-4-1-1024x564.png\" alt=\"\" data-id=\"651\" data-full-url=\"https:\/\/ksvi.mff.cuni.cz\/amulab\/wp-content\/uploads\/2021\/04\/Hynek_pict-4-1.png\" data-link=\"https:\/\/ksvi.mff.cuni.cz\/amulab\/index.php\/hynek-app\/hynek_pict-4-1\/\" class=\"wp-image-651\" srcset=\"https:\/\/ksvi.mff.cuni.cz\/amulab\/wp-content\/uploads\/2021\/04\/Hynek_pict-4-1-1024x564.png 1024w, https:\/\/ksvi.mff.cuni.cz\/amulab\/wp-content\/uploads\/2021\/04\/Hynek_pict-4-1-300x165.png 300w, https:\/\/ksvi.mff.cuni.cz\/amulab\/wp-content\/uploads\/2021\/04\/Hynek_pict-4-1-768x423.png 768w, https:\/\/ksvi.mff.cuni.cz\/amulab\/wp-content\/uploads\/2021\/04\/Hynek_pict-4-1-1536x845.png 1536w, https:\/\/ksvi.mff.cuni.cz\/amulab\/wp-content\/uploads\/2021\/04\/Hynek_pict-4-1-2048x1127.png 2048w\" sizes=\"auto, (max-width: 767px) 89vw, (max-width: 1000px) 54vw, (max-width: 1071px) 543px, 580px\" \/><\/figure><\/li><li class=\"blocks-gallery-item\"><figure><img loading=\"lazy\" decoding=\"async\" width=\"830\" height=\"1024\" src=\"https:\/\/ksvi.mff.cuni.cz\/amulab\/wp-content\/uploads\/2021\/04\/Hynek_pict-6-1-830x1024.png\" alt=\"\" data-id=\"652\" data-full-url=\"https:\/\/ksvi.mff.cuni.cz\/amulab\/wp-content\/uploads\/2021\/04\/Hynek_pict-6-1.png\" data-link=\"https:\/\/ksvi.mff.cuni.cz\/amulab\/index.php\/hynek-app\/hynek_pict-6-1\/\" class=\"wp-image-652\" srcset=\"https:\/\/ksvi.mff.cuni.cz\/amulab\/wp-content\/uploads\/2021\/04\/Hynek_pict-6-1-830x1024.png 830w, https:\/\/ksvi.mff.cuni.cz\/amulab\/wp-content\/uploads\/2021\/04\/Hynek_pict-6-1-243x300.png 243w, https:\/\/ksvi.mff.cuni.cz\/amulab\/wp-content\/uploads\/2021\/04\/Hynek_pict-6-1-768x948.png 768w, https:\/\/ksvi.mff.cuni.cz\/amulab\/wp-content\/uploads\/2021\/04\/Hynek_pict-6-1.png 1154w\" sizes=\"auto, (max-width: 767px) 89vw, (max-width: 1000px) 54vw, (max-width: 1071px) 543px, 580px\" \/><\/figure><\/li><li class=\"blocks-gallery-item\"><figure><img loading=\"lazy\" decoding=\"async\" width=\"1024\" height=\"297\" src=\"https:\/\/ksvi.mff.cuni.cz\/amulab\/wp-content\/uploads\/2021\/04\/Hynek_pict-8-2-1024x297.png\" alt=\"\" data-id=\"653\" data-full-url=\"https:\/\/ksvi.mff.cuni.cz\/amulab\/wp-content\/uploads\/2021\/04\/Hynek_pict-8-2.png\" data-link=\"https:\/\/ksvi.mff.cuni.cz\/amulab\/index.php\/hynek-app\/hynek_pict-8-2\/\" class=\"wp-image-653\" srcset=\"https:\/\/ksvi.mff.cuni.cz\/amulab\/wp-content\/uploads\/2021\/04\/Hynek_pict-8-2-1024x297.png 1024w, https:\/\/ksvi.mff.cuni.cz\/amulab\/wp-content\/uploads\/2021\/04\/Hynek_pict-8-2-300x87.png 300w, https:\/\/ksvi.mff.cuni.cz\/amulab\/wp-content\/uploads\/2021\/04\/Hynek_pict-8-2-768x223.png 768w, https:\/\/ksvi.mff.cuni.cz\/amulab\/wp-content\/uploads\/2021\/04\/Hynek_pict-8-2-1536x445.png 1536w, https:\/\/ksvi.mff.cuni.cz\/amulab\/wp-content\/uploads\/2021\/04\/Hynek_pict-8-2-2048x594.png 2048w\" sizes=\"auto, (max-width: 767px) 89vw, (max-width: 1000px) 54vw, (max-width: 1071px) 543px, 580px\" \/><\/figure><\/li><\/ul><\/figure>\n\n\n\n<p class=\"has-text-align-left\">Hynek App is a <strong>web-based application<\/strong> for <strong>children with autism spectrum disorder<\/strong>. The application consists of series of short animations which help to child users with better understanding of social situations and how to behave in these situations in a school and school class environment.<br><br>The animations are divided to four chapters displaying following situations:<\/p>\n\n\n\n<ol class=\"wp-block-list\"><li>Greetings classmates<\/li><li>Asking for help<\/li><li>Communicating with classmates<\/li><li>Calming down in class<\/li><\/ol>\n\n\n\n<p id=\"cilova\">Hynek App is a pilot project which is currently in a test phase.<\/p>\n\n\n\n<h2 class=\"wp-block-heading\">Target group<\/h2>\n\n\n\n<div style=\"height:20px\" aria-hidden=\"true\" class=\"wp-block-spacer\"><\/div>\n\n\n\n<p id=\"ovladani\">The app is primarily intended for children with autism spectrum disorder at age from <strong>6 to 12 years<\/strong> which attend mainstream elementary  schools.<\/p>\n\n\n\n<h2 class=\"wp-block-heading\">Controls<\/h2>\n\n\n\n<div style=\"height:20px\" aria-hidden=\"true\" class=\"wp-block-spacer\"><\/div>\n\n\n\n<p id=\"vyuziti\">The app can be used at any device connected to internet (especially on the computer, notebook or tablet) and can be controlled by touchscreen (tablet), touchpad (notebook) or mouse (computer).<\/p>\n\n\n\n<h2 class=\"wp-block-heading\" id=\"vyuziti\">Utilization<\/h2>\n\n\n\n<div style=\"height:20px\" aria-hidden=\"true\" class=\"wp-block-spacer\"><\/div>\n\n\n\n<p id=\"tym\">The app focuses on <strong>social skills<\/strong> and <strong>social understanding development<\/strong> of children with autism spectrum disorder. It is intended for multiple use (i.e., not for one time use), the children should watch the animations repeatedly. <br><br>The animations in the app are divided to four chapters. Each version has the same topic but partly different characters, environments and statements. The purpose of having more versions is to help children to realize that the same social skills can be used in different contexts.<br><br>The content of animations is inspired by the method called <a href=\"https:\/\/carolgraysocialstories.com\/social-stories\/what-is-it\/\" data-type=\"URL\" data-id=\"https:\/\/carolgraysocialstories.com\/social-stories\/what-is-it\/\" target=\"_blank\" rel=\"noreferrer noopener\">Social Stories by Carol Gray<\/a>.<\/p>\n\n\n\n<h2 class=\"wp-block-heading\" id=\"tym\">Development team<\/h2>\n\n\n\n<div style=\"height:20px\" aria-hidden=\"true\" class=\"wp-block-spacer\"><\/div>\n\n\n\n<p><strong>Tereza Tetourov\u00e1<\/strong> \u2013 the author<\/p>\n\n\n\n<p><strong>Ond\u0159ej Javora<\/strong> \u2013 graphic design, animation<\/p>\n\n\n\n<p><strong><a href=\"https:\/\/charlesgames.net\/\" data-type=\"URL\" data-id=\"https:\/\/charlesgames.net\/\" target=\"_blank\" rel=\"noreferrer noopener\">Charles Games<\/a><\/strong> \u2013 coding<\/p>\n\n\n\n<p id=\"kontakt\"><strong>Cyril Brom<\/strong> a <strong>Hana Sot\u00e1kov\u00e1<\/strong> \u2013 application development supervisors<\/p>\n\n\n\n<h2 class=\"wp-block-heading\" id=\"kontakt\">Contact<\/h2>\n\n\n\n<div style=\"height:20px\" aria-hidden=\"true\" class=\"wp-block-spacer\"><\/div>\n\n\n\n<p>Please contact <strong>Tereza Tetourov\u00e1 <\/strong>for further information <a href=\"mailto:tetetourova@gmail.com\">hynek.app@ksvi.mff.cuni.cz<\/a><\/p>\n","protected":false},"excerpt":{"rendered":"<p>Brief characteristicsTarget groupControlsUtilizationDevelopment teamContact (Jazyk lze zm\u011bnit v nab\u00eddce v doln\u00ed \u010d\u00e1sti str\u00e1nky.) Hynek App Hynek App is a web-based application for children with autism spectrum disorder. The application consists of series of short animations which help to child users with better understanding of social situations and how to behave in these situations in a &hellip; <\/p>\n<p class=\"link-more\"><a href=\"https:\/\/ksvi.mff.cuni.cz\/amulab\/index.php\/hynek-app\/\" class=\"more-link\">Continue reading<span class=\"screen-reader-text\"> &#8220;Hynek App&#8221;<\/span><\/a><\/p>\n","protected":false},"author":1,"featured_media":0,"parent":0,"menu_order":0,"comment_status":"closed","ping_status":"closed","template":"","meta":{"footnotes":""},"class_list":["post-636","page","type-page","status-publish","hentry"],"_links":{"self":[{"href":"https:\/\/ksvi.mff.cuni.cz\/amulab\/index.php\/wp-json\/wp\/v2\/pages\/636","targetHints":{"allow":["GET"]}}],"collection":[{"href":"https:\/\/ksvi.mff.cuni.cz\/amulab\/index.php\/wp-json\/wp\/v2\/pages"}],"about":[{"href":"https:\/\/ksvi.mff.cuni.cz\/amulab\/index.php\/wp-json\/wp\/v2\/types\/page"}],"author":[{"embeddable":true,"href":"https:\/\/ksvi.mff.cuni.cz\/amulab\/index.php\/wp-json\/wp\/v2\/users\/1"}],"replies":[{"embeddable":true,"href":"https:\/\/ksvi.mff.cuni.cz\/amulab\/index.php\/wp-json\/wp\/v2\/comments?post=636"}],"version-history":[{"count":14,"href":"https:\/\/ksvi.mff.cuni.cz\/amulab\/index.php\/wp-json\/wp\/v2\/pages\/636\/revisions"}],"predecessor-version":[{"id":721,"href":"https:\/\/ksvi.mff.cuni.cz\/amulab\/index.php\/wp-json\/wp\/v2\/pages\/636\/revisions\/721"}],"wp:attachment":[{"href":"https:\/\/ksvi.mff.cuni.cz\/amulab\/index.php\/wp-json\/wp\/v2\/media?parent=636"}],"curies":[{"name":"wp","href":"https:\/\/api.w.org\/{rel}","templated":true}]}}